99 = h*g - 61. What is the highest common factor of g and a?
5
Let h(y) = 3*y + 3*y - 2 - 2*y - 3. Let j be (-208)/130*(-10)/4. Let q be h(j). Calculate the highest common factor of 33 and q.
11
Let k be (4 - -12462)*((-42)/(-56))/(3/2). What is the highest common factor of 23 and k?
23
Let s = 104 - 102. Let j = 208 - 200. What is the highest common divisor of s and j?
2
Let j(b) = -2*b**3 + 4*b**2 + 5*b + 5. Let h be j(3). Suppose 121 = q + 112. Let s(f) = -f + 11. Let p be s(q). Calculate the highest common divisor of p and h.
2
Let g be 496 + (-1)/(1/2). Suppose a - 16 = -9, 5*a = -2*m + 87. What is the greatest common factor of m and g?
26
Let k = 176 - 170. Suppose -k*y + 333 = -939. What is the greatest common factor of 53 and y?
53
Suppose -96*t + 3923 = -34861. What is the highest common divisor of 14746 and t?
202
Let n be (-38)/(-3) + (-4)/6. Suppose -4*f + t = -0*t - 131, -4*t - 140 = -4*f. Suppose 6*i - f = -2*i. Calculate the highest common factor of n and i.
4
Suppose 1 = 4509*s - 4507*s - 1. What is the greatest common divisor of 431 and s?
1
Let d be (-2813)/(-5) - 10/(-325)*-52. What is the highest common factor of 297 and d?
33
Let y(a) = a**2 - 10*a - 48. Let f be y(0). Let r be (f/120)/((-3)/1590). Calculate the highest common divisor of r and 4.
4
Let h(x) = -x**2 - 90*x - 1510. Let l be h(-32). What is the greatest common divisor of 16954 and l?
346
Let b = 190 + -187. Suppose -15*o = 5*g - 20*o + 5, 0 = -2*g + b*o - 5. Calculate the greatest common divisor of g and 8.
2
Let u(q) = -q**3 - 2*q**2 - q - 2. Let v be u(0). Let f be v/(-6) + (-240)/45. Let k be 2/10 + (-449)/f. What is the greatest common divisor of 10 and k?
10
Suppose -o + 458 = 5*n, -349*o = 4*n - 354*o - 407. Calculate the greatest common factor of 17949 and n.
93
Let r = 602 + 3552. What is the greatest common divisor of r and 186?
62
Suppose 217 = 10*u + 1467. Let o = u - -140. What is the highest common divisor of 165 and o?
15
Suppose -17 = h + 4*l, -4*h = h - 3*l + 16. Let u = 8 + h. Let c = 834 - 822. Calculate the highest common factor of u and c.
3
Let r be 0 - 54 - (19 + -7)/(-3). Let h(q) = -q**2 + 5*q + 1. Let u be h(-4). Let o = u - r. Calculate the greatest common factor of o and 6.
3
Let o(d) = d**3 - 17*d**2 + 18*d - 28. Let s be o(16). Suppose -24 = -8*l + s*l. Let x be (l/(-3))/(3/(-48)). Calculate the greatest common factor of 48 and x.
16
Let d = -20223 - -20493. Suppose 180 = 4*j - 5*p, -2*j - 4*p = -0*j - 116. Calculate the highest common factor of d and j.
10
Let v be 0/3 - -22 - (-3 + 0). Let r be (-6)/10*v*2/(-2). Let h(o) = 2*o**2 - 19*o + 50. Let c be h(r). What is the highest common factor of c and 43?
43
Let p be -8 + (120/(-10) - -45). What is the highest common divisor of p and 37775?
25
Suppose 5*c - 2*y - 20 = 0, c + y = 5*y - 14. Suppose c = -p + 32. What is the highest common factor of p and 260?
26
Let i = -45 - -520. Suppose 0 = i*r - 480*r + 3015. Calculate the highest common divisor of 134 and r.
67
Let p = -2578 - -3554. What is the greatest common divisor of p and 122?
122
Suppose i + 2*x - 13 - 7 = 0, 2*i - 19 = 3*x. Let y be -8 + ((984/4)/3 - (-2 - 1)). What is the greatest common factor of y and i?
7
Let k(g) = 6*g**2 - g - 5. Let h = -137 + 140. Let n be k(h). Calculate the greatest common divisor of 23 and n.
23
Let g(q) be the first derivative of -q**4/4 + 8*q**3/3 - 4*q**2 - 10*q + 46. Let c be g(6). What is the highest common divisor of 28 and c?
14
Let d(f) = 8*f + 7. Let c be d(7). Suppose -357 + 25 = -55*t - 2. Calculate the greatest common factor of c and t.
3
Suppose -2*f + 1737 = -127. Suppose 0 = 6*s + 92 - f. What is the greatest common factor of s and 84?
28
Suppose -5*y = 2*r - 476, -r - 3*r + 982 = -5*y. Let c = r - 229. Calculate the greatest common factor of c and 14.
14
Let b(g) = -g**2 + 2*g + 36. Let s be b(0). Let c(d) = -d**3 + 15*d**2 - 15*d + 36. Let x be c(12). Calculate the greatest common divisor of x and s.
36
Let h = 108 + -75. Suppose 0 = 2*m - 954*v + 950*v - 276, 3*m + 5*v - 381 = 0. Calculate the greatest common factor of m and h.
33
Suppose -6 = -r + 5*z - 5, -5*z + 4 = 4*r. Let c(p) = 291*p**2 - p + 2. Let s be c(r). What is the greatest common factor of s and 4?
4
Let z = -35108 - -38661. What is the highest common factor of z and 95?
19
Suppose 3556073 + 4410216 = 436*h + 2382437. Calculate the greatest common divisor of h and 9.
9
Suppose -11*v = -7*v + 16, -v - 10876 = -2*j. What is the greatest common factor of 36 and j?
36
Let a be 2/(-4) - (-1)/2. Let o = -492 + 580. Suppose 4*k - 276 - o = a. Calculate the highest common divisor of 13 and k.
13
Let o = 503 - 233. Let t = 274 - o. What is the highest common divisor of t and 20?
4
Let w be -2 - (-3 + -1 + -4). Suppose 9 = w*a - 3. Suppose -4*p - a*s = -244, 0*s - 56 = -p + 2*s. What is the highest common factor of 150 and p?
30
Let t = 8743 + -8729. Suppose -a = 4*a. Suppose -196 = -2*z - a. What is the greatest common divisor of t and z?
14
Let b(c) = c**2 - 19*c - 48. Let n be b(22). Let x = 31 - 34. Let m(i) = -i**3 - 3*i**2 + 2. Let w be m(x). Calculate the highest common divisor of n and w.
2
Suppose -6*a = 2*a + 16. Let i be a + 4 + 12 + 1. What is the highest common factor of 40 and i?
5
Let f = -2425 + 2515. Let o = 0 + 3. Suppose -3 = o*c, 5*k - 2*c = -6*c + 296. What is the highest common divisor of k and f?
30
Let b be ((-437)/(-115))/(3/195) - (-1 + 5). What is the greatest common divisor of b and 297?
27
Let p be (-3)/(-5) + (12/5 - -15). Calculate the greatest common factor of p and 1485.
9
Suppose 6*f + 4*w - 65650 = 0, -14*f + 12*f + 21934 = -5*w. Calculate the greatest common factor of 369 and f.
123
Let d(t) = t**3 - 7*t**2 + 9*t - 3. Let l be d(6). Suppose l*h - 2*h = 663. What is the greatest common divisor of h and 34?
17
Let h = 6242 + -5546. Calculate the highest common factor of h and 312.
24
Let l(d) = 6*d**2 + 28*d - 2. Let j be l(-4). Let o be 1080/j*6/(-8). What is the highest common divisor of 10 and o?
5
Let z be (-2)/(-6) - 7/(-3)*2. Suppose 5*m - z*a - 315 = 0, m - 37 - 35 = 4*a. Let b = -44 + 56. What is the highest common factor of b and m?
12
Let n(q) = 5*q**3 - 5*q**2 - 66*q + 545. Let l be n(8). What is the greatest common divisor of l and 122?
61
Let v(s) = 8*s - 12. Let f(i) = -9*i + 14. Let k(r) = -4*f(r) - 5*v(r). Let y be k(0). Suppose x = -0 + 2. What is the greatest common factor of y and x?
2
Suppose 0 = 2*d - 5*f + 236, -3*d + 236 = -5*d - 3*f. Let o = -115 - d. What is the greatest common factor of 96 and o?
3
Let l be (-20)/40 - 1495*(-40)/16. What is the greatest common factor of l and 37?
37
Let o = 244 - 39. Let z = o + -70. What is the highest common divisor of 27 and z?
27
Let v be 40 - (-8)/(-24)*12. What is the highest common divisor of v and 882?
18
Let r(h) = h**2 + 9*h + 10. Let s be r(-10). Suppose 3*w = 8*w + 130. Let y be -3 + (-2 - w) - 1. Calculate the greatest common divisor of s and y.
20
Let d(l) = 2 + 4 - 2*l - 8 - 6*l**2 + 0*l**2. Let a be d(-2). Let r be 4/((-8)/a) - 0. Calculate the greatest common factor of r and 11.
11
Let u be ((-4)/2)/(-3 - 8897/(-2976)). What is the greatest common factor of u and 3024?
48
Suppose 2*j - 15 - 5 = 0. Suppose 3*b - 70 = 3*o + 164, -b - 3*o + 74 = 0. Let z = b - 75. Calculate the greatest common divisor of z and j.
2
Let u be 6*((-36)/12 + 22/(-6)). Let l be (0 + -4 + (-32)/u)*-80. What is the highest common factor of l and 8?
8
Let o(t) = -t**2 + 2*t + 8. Let l be o(-2). Suppose 4*y + 8 = 0, -4*b + 5*y + 25 + 9 = l. What is the greatest common divisor of 66 and b?
6
Let a(g) = -3*g**2 + 50*g + 21. Let z be a(17). Suppose -z*v = 4*x - 76, 3*x + 0*x - 43 = -2*v. What is the highest common factor of v and 28?
14
Let d(b) = 48*b**2 - 2*b - 2. Let f be d(2). Suppose 0 = -2*g + 5*a + 868, 0 = -4*g + a + 481 + 1255. Calculate the greatest common factor of g and f.
62
Let t be (0 + (-10)/8)*-296. What is the greatest common factor of t and 5106?
74
Let r be 0/(-1) - (-1 + -1). Let w be 1/((138/(-366))/(-23)). Calculate the greatest common factor of r and w.
1
Let p = -7377 - -7391. Calculate the highest common factor of p and 3059.
7
Let u = 229 + -269. Let m be (-3)/12 + (-3610)/u. Calculate the greatest common divisor